2.
2, 23, 97, 1493
What are the prime factors of 292862?
2, 127, 1153
What are the prime factors of 158865?
3, 5, 7, 17, 89
What are the prime factors of 7025156?
2, 101, 17389
What are the prime factors of 8718634?
2, 4359317
What are the prime factors of 378548?
2, 101, 937
List the prime factors of 4349540.
2, 5, 13, 16729
What are the prime factors of 8088452?
2, 19, 106427
What are the prime factors of 4030103?
7, 11, 7477
What are the prime factors of 221665?
5, 43, 1031
List the prime factors of 1669214.
2, 834607
List the prime factors of 204853.
11, 1693
What are the prime factors of 21329?
7, 11, 277
What are the prime factors of 14741432?
2, 43, 42853
List the prime factors of 791638.
2, 101, 3919
List the prime factors of 282558.
2, 3, 47093
What are the prime factors of 27375439?
7, 13, 283, 1063
What are the prime factors of 5920673?
11, 631, 853
List the prime factors of 1232319.
3, 11, 107, 349
List the prime factors of 1614365.
5, 61, 67, 79
What are the prime factors of 779912?
2, 7, 19, 733
List the prime factors of 4229662.
2, 2114831
What are the prime factors of 30758001?
3, 1669, 6143
What are the prime factors of 3510746?
2, 887, 1979
What are the prime factors of 1559647?
1559647
What are the prime factors of 2646509?
17, 41, 3797
List the prime factors of 130644.
2, 3, 19, 191
What are the prime factors of 58409?
13, 4493
What are the prime factors of 25553637?
3, 35053
What are the prime factors of 60129?
3, 17, 131
What are the prime factors of 107924?
2, 26981
What are the prime factors of 9213344?
2, 7, 41131
What are the prime factors of 2070142?
2, 947, 1093
List the prime factors of 1225616.
2, 7, 31, 353
What are the prime factors of 21528906?
2, 3, 7, 512593
What are the prime factors of 139173?
3, 23, 2017
List the prime factors of 28683.
3, 3187
List the prime factors of 1063373.
19, 55967
List the prime factors of 13246720.
2, 5, 79, 131
List the prime factors of 52696.
2, 7, 941
What are the prime factors of 52361?
52361
What are the prime factors of 700767?
3, 77863
List the prime factors of 243862.
2, 121931
List the prime factors of 1941411.
3, 211, 3067
List the prime factors of 302260.
2, 5, 7, 17, 127
List the prime factors of 13376663.
2287, 5849
List the prime factors of 63475.
5, 2539
List the prime factors of 13304583.
3, 1478287
List the prime factors of 466476.
2, 3, 38873
What are the prime factors of 10470387?
3, 19, 183691
List the prime factors of 6895732.
2, 1307, 1319
What are the prime factors of 8925982?
2, 13, 343307
List the prime factors of 5647316.
2, 1411829
List the prime factors of 2264531.
53, 42727
What are the prime factors of 476138?
2, 13, 18313
List the prime factors of 1808576.
2, 7, 11, 367
What are the prime factors of 13859234?
2, 2063, 3359
List the prime factors of 1039794.
2, 3, 7, 19, 1303
List the prime factors of 122241.
3, 7, 5821
What are the prime factors of 7311041?
7311041
What are the prime factors of 1355648?
2, 7, 17, 89
What are the prime factors of 16951?
11, 23, 67
What are the prime factors of 3623647?
73, 49639
What are the prime factors of 146789?
229, 641
What are the prime factors of 77376?
2, 3, 13, 31
List the prime factors of 625127.
41, 79, 193
What are the prime factors of 195796?
2, 31, 1579
List the prime factors of 1304000.
2, 5, 163
What are the prime factors of 3106235?
5, 11, 56477
List the prime factors of 83457.
3, 11, 281
List the prime factors of 1356978.
2, 3, 7, 32309
What are the prime factors of 614805?
3, 5, 17, 2411
What are the prime factors of 16853727?
3, 11, 29, 1601
List the prime factors of 4820744.
2, 602593
What are the prime factors of 4684554?
2, 3, 7, 17
What are the prime factors of 9724389?
3, 463, 7001
List the prime factors of 501453.
3, 55717
List the prime factors of 5019526.
2, 439, 5717
What are the prime factors of 516729?
3, 172243
What are the prime factors of 1626538?
2, 813269
What are the prime factors of 928123?
7, 132589
List the prime factors of 108370.
2, 5, 10837
List the prime factors of 1525793.
61, 25013
List the prime factors of 773962.
2, 7, 59, 937
What are the prime factors of 341385?
3, 5, 11, 2069
List the prime factors of 680674.
2, 340337
What are the prime factors of 1296649?
1296649
What are the prime factors of 63238?
2, 7, 4517
What are the prime factors of 538915?
5, 13, 8291
List the prime factors of 202489.
7, 28927
List the prime factors of 96691.
7, 19, 727
What are the prime factors of 2643054?
2, 3, 440509
What are the prime factors of 31459592?
2, 19, 139, 1489
List the prime factors of 111139.
7, 15877
What are the prime factors of 2620112?
2, 11, 14887
List the prime factors of 5665387.
7, 13, 4789
What are the prime factors of 209290?
2, 5, 20929
What are the prime factors of 6450495?
3, 5, 107, 4019
What are the prime factors of 147752?
2, 11, 23, 73
List the prime factors of 1295748.
2, 3, 35993
List the prime factors of 289.
17
List the prime factors of 84519.
3, 9391
List the prime factors of 22091518.
2, 11045759
What are the prime factors of 277464?
2, 3, 11, 1051
List the prime factors of 28585907.
7, 4083701
List the prime factors of 55000.
2, 5, 11
What are the prime factors of 118279?
7, 61, 277
List the prime factors of 244707.
3, 81569
List the prime factors of 3644087.
73, 49919
List the prime factors of 12083371.
47, 257093
What are the prime factors of 7901119?
7901119
List the prime factors of 22786021.
239, 95339
What are the prime factors of 3260014?
2, 47, 79, 439
List the prime factors of 297058.
2, 17, 8737
List the prime factors of 17200.
2, 5, 43
What are the prime factors of 4044803?
7, 23, 37, 97
What are the prime factors of 1686912?
2, 3, 23, 191
List the prime factors of 138049.
127, 1087
What are the prime factors of 5757402?
2, 3, 7, 19583
What are the prime factors of 1788212?
2, 447053
List the prime factors of 22716161.
13, 509, 3433
List the prime factors of 145217.
19, 7643
What are the prime factors of 9091297?
29, 67, 4679
List the prime factors of 5615196.
2, 3, 41, 101, 113
What are the prime factors of 424414?
2, 212207
List the prime factors of 1438204.
2, 167, 2153
What are the prime factors of 435632?
2, 19, 1433
What are the prime factors of 140974?
2, 70487
List the prime factors of 21961101.
3, 73, 100279
What are the prime factors of 549464?
2, 68683
List the prime factors of 3273072.
2, 3, 11, 6199
List the prime factors of 14342735.
5, 11, 151, 157
What are the prime factors of 842714?
2, 41, 43, 239
What are the prime factors of 11000284?
2, 2750071
What are the prime factors of 1563524?
2, 17, 22993
List the prime factors of 1070097.
3, 7, 50957
List the prime factors of 3590984.
2, 448873
List the prime factors of 256996.
2, 47, 1367
List the prime factors of 147801.
3, 19, 2593
List the prime factors of 1695234.
2, 3, 67, 4217
List the prime factors of 397613.
17, 19, 1231
What are the prime factors of 6656973?
3, 19, 116789
What are the prime factors of 189538?
2, 97, 977
What are the prime factors of 5101598?
2, 17, 227, 661
List the prime factors of 1169537.
31, 1217
List the prime factors of 4158603.
3, 462067
What are the prime factors of 174748?
2, 7, 79
List the prime factors of 2840514.
2, 3, 473419
List the prime factors of 2047861.
277, 7393
What are the prime factors of 204616?
2, 25577
What are the prime factors of 4565671?
11, 415061
What are the prime factors of 363293?
7, 51899
List the prime factors of 13610859.
3, 19, 89, 2683
List the prime factors of 2877502.
2, 1438751
List the prime factors of 1476754.
2, 233, 3169
What are the prime factors of 11272101?
3, 3757367
What are the prime factors of 298464?
2, 3, 3109
What are the prime factors of 11915461?
41, 290621
What are the prime factors of 20871429?
3, 83, 109, 769
What are the prime factors of 2196857?
13, 347, 487
What are the prime factors of 141645?
3, 5, 7, 19, 71
List the prime factors of 874067.
97, 9011
What are the prime factors of 16368198?
2, 3, 7, 11, 71, 499
What are the prime factors of 346224?
2, 3, 7213
What are the prime factors of 248641?
248641
List the prime factors of 1063922.
2, 53, 10037
List the prime factors of 1567637.
1567637
List the prime factors of 8225804.
2, 173, 11887
List the prime factors of 334326.
2, 3, 5